(x).
-46
Suppose -3*c + 5*j = -30, -48*j + 50*j + 6 = 0. Let v(d) be the first derivative of -c + 4*d - 1/2*d**2. Calculate v(2).
2
Let p(i) be the third derivative of i**5/60 + i**4/6 - i**3/2 + 1299*i**2. Give p(-7).
18
Let a(y) be the second derivative of -y**8/1680 - y**6/360 - y**5/120 + 2*y**4 + 41*y. Let g(p) be the third derivative of a(p). Let c = -1 - 0. Calculate g(c).
5
Let y(r) = 43*r + 16. Let z be (-1 - (-15)/10)/(5/(-100)*5). Give y(z).
-70
Let f be (-2)/(-3) - 21714/846. Let s(v) = 2*v**3 + 49*v**2 - 26*v - 1. Determine s(f).
24
Let y(c) = c**3 - 9*c**2 + 13*c - 12. Let u be y(8). Suppose 0*r - 2*r - 7 = -3*v, 2*r + u = -4*v. Let d(h) = h**2 + 8*h - 9. What is d(r)?
-9
Let z = -5 - 9. Let f be 21/z + (-2)/4. Let x(l) = 7*l**2 - 36*l - 5. Let r(h) = -2*h**2 + 13*h + 2. Let j(a) = 3*r(a) + x(a). What is j(f)?
-1
Suppose t = -w + 34, 4*w - 3*t = -4*t + 130. Let h be 15/40 - 172/w. Let s(i) = i + 3. What is s(h)?
-2
Suppose -7*o = -55 - 36. Suppose -u + o = -0*r - r, u = 3*r + 31. Let c(m) = m**2 + 8*m + 4. Calculate c(r).
13
Suppose 75*h - 39 - 36 = 0. Let x(m) = -37*m**2 + 7*m - 8. Let j = 41 + -35. Let r(d) = -36*d**2 + 6*d - 7. Let w(s) = j*x(s) - 7*r(s). Determine w(h).
31
Let o be (-33)/22 + (-54)/4. Let i = 8 + o. Let c(h) = -h**3 - 6*h**2 + 7*h - 1. Calculate c(i).
-1
Let f(x) = -103*x**2 + 3*x - 1. Let s(q) = -287*q**2 + 8*q - 3. Let o(y) = 11*f(y) - 4*s(y). Give o(-1).
15
Let c be -2 - (-11*1 - -1). Let w(s) = -12*s**2 - 49*s + 1. Let l be w(-4). Let p(u) = -u - c + 3 - l + 3. What is p(-9)?
2
Let k(c) be the second derivative of 7*c**4/6 + c**3/2 + 5*c**2/2 + 690*c - 1. What is k(-2)?
55
Let u(k) = k**3 + 19*k**2 + 74*k + 47. Let o = -895 + 881. Let v be u(o). Let b(f) = -2*f + 2. What is b(v)?
20
Let v be 2*11/(-55) + 28/(-5). Let x(h) = -h**2 - 9*h - 5. Let y be x(-8). Let j(g) = -4 - g - y + 2. Calculate j(v).
1
Let d(s) = 106*s + 3608. Let h be d(-34). Let a(i) = 2*i**2 + 14*i - 64. Give a(h).
24
Let z(l) = 7*l**3 + 16*l**2 + 20*l - 26. Let c(v) = 5*v**3 + 16*v**2 + 13*v - 25. Let w(y) = -3*c(y) + 2*z(y). Suppose 8*d + 80 = 3*d. Calculate w(d).
7
Let d(a) = -9 - 8 + 3*a + 3 - 5 - 7*a. What is d(-12)?
29
Let w(x) = 10*x**2. Let g(a) = a**3 - 25*a**2 + 2*a - 6. Let f(h) = g(h) + 3*w(h). Calculate f(-4).
2
Let f(r) = r**2 - 23*r + 57. Suppose 2*y + 4*n = 20, 3*y + 40 = 6*y + 4*n. What is f(y)?
-3
Let p = -28 - -16. Let c = 7 + p. Let d(v) = 27*v**2 + 26*v - 52. Let m(t) = 5*t**2 + 5*t - 10. Let q(w) = 2*d(w) - 11*m(w). Give q(c).
-4
Let g(c) = 50*c**2 + 52*c - 29. Let o(u) = 9*u**2 + 10*u - 6. Let w(r) = -2*g(r) + 11*o(r). Calculate w(6).
-8
Let i be -8 + 2 + (594/(-27) - -61). Let k(q) = -q**2 + 27*q + 210. Determine k(i).
12
Let j = -7 + 0. Let m(d) = -4*d**3 + 47 + 3*d**2 - 2*d**2 - 42 - 9*d**2 + 3*d**3 - 5*d. Give m(j).
-9
Let r(v) = 65 + 67 + 2*v - 263 + 69 - v**3 + 59. Give r(-4).
53
Suppose 0 - 2 = w. Let y(s) = -s**2 - 6*s - 4. Let t(x) = -2*x**2 - 11*x - 7. Let n(b) = w*t(b) + 5*y(b). Suppose 0 = -c + 3*c + 12. What is n(c)?
6
Let f(m) be the third derivative of -m**6/120 + 7*m**5/60 + 3*m**4/8 - 5*m**2 - 5*m. Let j = -169 + 177. What is f(j)?
8
Let t(o) = 4*o**2 - 2*o + 4. Let y(l) = -l**2 + l - 1. Let p(z) = -6*z - 3. Let n be p(-1). Let r be n + (4/6 - 2/3). Let x(w) = r*y(w) + t(w). Calculate x(3).
13
Let r(d) be the first derivative of -3*d**2 + 111*d + 1541. Calculate r(18).
3
Let j(h) be the first derivative of 7*h**2/2 + 30*h + 28. Let a be j(0). Suppose 14*k - 20*k + a = 0. Let s(l) = 3*l - 6. Determine s(k).
9
Let v(g) = 33*g - 436. Let b be v(13). Let j(o) = o**3 + 8*o**2 + 7*o - 7. Give j(b).
-7
Let s(m) be the third derivative of 7*m**4/12 + m**3/6 - 2*m**2. Let b be 4*3*4/(-24). What is s(b)?
-27
Let j(a) = 15*a + 12. Let t(n) = 38*n + 22. Let g(y) = 5*j(y) - 2*t(y). Let r be -1*(-1 - -3) + 12 - 3. Calculate g(r).
9
Let q = 7479 + -7486. Let p(v) = -v**2 - 8*v - 4. Give p(q).
3
Suppose -4*m + 5*b + 0 = 2, -m = 3*b - 8. Let f(l) = -2*l**2 + 4*l**2 + 3 + l**3 + 2 - 4 - 5*l + l**m. What is f(-4)?
5
Let g(q) = 3*q**2 + 154*q + 54. Let w be g(-51). Let j(y) be the second derivative of -1/6*y**w + 0 - 6*y - 5*y**2. What is j(0)?
-10
Let u(s) = 2*s**3 - 9*s**2 + 6*s - 9. Let m(f) = -f**3 - 40*f**2 - 29*f + 394. Let t be m(-39). What is u(t)?
-1
Let g = 42 - 34. Let f = 6 + g. Let d be -16 + f - (-1 + 5). Let m(t) = t**3 + 5*t**2 - 8*t + 1. Calculate m(d).
13
Let z(s) = s**3 + 38*s**2 - 75*s + 74. Let k(u) = u**2 - u. Let b(i) = -3*k(i) + z(i). Calculate b(-37).
0
Let v be 2/7 + 80/14. Let h(j) = -19*j**2 + 26*j + 580. Let m(b) = -4*b**2 + 5*b + 125. Let p(a) = -3*h(a) + 14*m(a). Determine p(v).
-2
Suppose -2*q - 42 = -50. Let o(a) = 20*a**2 + 3 - 18*a**2 - a**3 - 3 - 2. What is o(q)?
-34
Let a be (-4902)/(-152) + (-2)/8. Let k be a/(-8) + (-2 - -1). Let z(l) = l**2 + 5*l + 3. Calculate z(k).
3
Let u be (-1 + 6)*(-2 + (1 - -2)). Let r be (-10)/2 + 4 + u. Let k(n) = n**3 - 2*n**3 + r*n + 2 - 3 - 5*n**2. Give k(-6).
11
Let h(l) = l + l**2 - l**3 + l - 4*l + 8 + 3*l. Let v be h(0). Let s(w) = 14*w**2 + 5*w - 2*w**3 + 3*w**3 - v*w**2 - w. Determine s(-4).
16
Let w = 31 + -21. Let x(c) = -c - 24*c**2 + w - c**3 + 29*c**2 - 9. Suppose 0 = -p - 0 + 3. Give x(p).
16
Let f(s) = 6*s - 39. Let i(x) = x**2 + 13*x - 12. Let v be i(-8). Let c be 14/63 + v/(-9). Let j be f(c). Let y(u) = u**3 + 3*u**2 + u - 3. Determine y(j).
-6
Suppose 5*g - 4*c + 1 + 0 = 0, -3*c + 6 = -2*g. Suppose 2*l - 21 = v, -2*v = -g*l + 2*v + 29. Let w(j) = 17*j**2 - 3 + 2 + l*j - 11*j. Calculate w(-1).
16
Let z(v) = -v - 7. Suppose 79*m = 77*m - 180. Let p be 560/m - (-6)/27. Give z(p).
-1
Let g(d) be the third derivative of -d**5/15 + d**4/12 + d**3/3 - 10*d**2 + 3*d + 5. What is g(1)?
0
Let j = 14091 - 14095. Let k(t) = t**3 + 4*t**2 + 36*t + 141. Determine k(j).
-3
Let l(x) = -x**3 + 13*x**2 - x + 14. Let m be l(13). Let o(b) = -b + m - 8 + 2 - 4. What is o(-8)?
-1
Let x(t) be the first derivative of -35*t**3/3 + 11*t**2/2 + 7*t - 104. Let j(a) = -29*a**2 + 10*a + 7. Let p(y) = 6*j(y) - 5*x(y). What is p(-3)?
1
Suppose -82 - 80 = -27*r. Let h(a) be the third derivative of -a**4/8 + a**3 - 40*a**2. Determine h(r).
-12
Let q(l) = 4*l - 1. Let a(f) = -f**2 - 4*f - 1. Let d be a(-1). Suppose -4*w - 4 = -3*k - d, -w = 2*k - 16. Suppose 6*u = -0*u - k. Calculate q(u).
-5
Suppose 132*z = 65*z + 77*z - 50. Let r(l) = -23*l + 83. Calculate r(z).
-32
Let k(c) = -23*c**3 + 2*c**2 - 3*c - 4. Let i be k(-1). Let g(t) = -6*t - i*t**2 + 0 - 1 + 21*t**2. Determine g(-4).
-25
Let f(a) be the third derivative of a**4/24 + 7*a**3/3 + 820*a**2. Give f(-19).
-5
Let m(l) = 1058 + 1059 - 3128 + 15*l + 1042 + l**2. Determine m(-2).
5
Let v(a) be the third derivative of a**6/60 + a**5/20 - a**4/6 - 3*a**3/2 + 4*a**2 + 118*a + 3. What is v(-4)?
-73
Let v(c) = -2*c**3 + 12*c**2 - c + 6. Suppose -336*o + 2580 = 94*o. Give v(o).
0
Suppose -27*v + 26*v + 24 = 0. Let r(k) = -k**2 + 2*k**2 - v - 10 + 35. What is r(2)?
5
Let r(d) be the first derivative of 2*d**2 + 2*d - 1911. Give r(0).
2
Let n be (1 + 1)*(4 - (-3 + 5)). Let x(p) = p**2 - 7*p + n - 5*p + 4*p. What is x(8)?
4
Let c = 2106 + -2104. Let o(q) = 2*q**2 - q - 3. Determine o(c).
3
Let s be 3 - 11 - (-6)/(-2). Let u(c) = -3*c + 22 - c + 4*c - 38 - c. What is u(s)?
-5
Suppose 26 = i + 5*o, -2*i + 7*o - 11*o + 10 = 0. Let n(f) = 13*f - 9. Determine n(i).
-126
Suppose 4*a + 4*p = -8, -4*a - 3*p - 4 = 6. Let h(y) = 5*y - 121. Let z(n) = -n + 19. Let j(b) = 6*h(b) + 38*z(b). Determine j(a).
28
Let w(k) = k**3 - 12*k - 14. Let g(f) = -2*f**2 + 101*f - 53. Let x be g(50). What is w(x)?
-5
Suppose -32 = -6*q + 5*q. Let p be -2 - (-8)/(q/(-20)). Let s(n) be the third derivative of -n**6/120 - n**5/10 + 5*n**4/24 - 3*n**3/2 + n**2. Determine s(p).
5
Let r(y) = -5 + 19*y**2 + 2383*y - 8*y**2 + y**3 - 2381*y - 6*y**2. Give r(-4).
3
Let w(g) = -6*g**3 - g**2 + 1. Suppose 526*x = 711*x + 185. Give w(x).
6
Let x(b) = -b**3 + 4*b**2 + 7*b + 7. Let l be (-34)/2 + 310 + -287. Give x(l).
-23
Let h(n) = -n**2 + 3*n + 4. Let s be h(3). Let j(y) be the third derivative of y**6/120 - y**5/20 - y**4/8 + y**3/2 + 1867*y**2 - 9*y. Determine j(s).
7
Suppose 22*p + 4 = 26*p. Let h(m) = 2*m - 1. Let f(r) = 33*r - 2. Let o(x) = p*f(x) - 